ppose -30 = -r - 4*r. Calculate the remainder when 11 is divided by r.
5
Let y be 164/6 + (-8)/(-12). Suppose -3*b - b + y = 0. Calculate the remainder when 1*16*55/44 is divided by b.
6
Let m(y) = -y - 3. Let v be m(-6). Suppose 0*x + v*x = 66. What is the remainder when 42 is divided by x?
20
Let y(f) = f + 2. Calculate the remainder when y(12) is divided by 8.
6
Let a(f) = 5*f + 2. Let i(l) = l. Let w be i(4). Calculate the remainder when a(w) is divided by (-1 - 4) + (4 - -13).
10
Let h(s) = -1 + 2 + 2 - 4*s + 1. What is the remainder when h(-6) is divided by 10?
8
What is the remainder when 2 is divided by (6/(-9))/(2/(-3))?
0
Let j = 10 + -4. Suppose 10 = 4*y - j. What is the remainder when 11 is divided by y?
3
Let u(a) = 5*a**3 + 4*a**2 - 4*a + 2. Let f be u(2). Let g = f - 27. Calculate the remainder when g is divided by -9*(48/(-9))/4.
11
Calculate the remainder when 85 is divided by 264/8 - 8/2.
27
What is the remainder when 40 is divided by (-47)/(-4) + 9/(-12)?
7
Let g = 200 - 106. Suppose -2*n + g = -0*n. What is the remainder when n is divided by 25?
22
Let t(s) = 26*s**2 - s + 1. Let m(w) = -6*w - 4 - 2 + 4 - 2. Calculate the remainder when t(1) is divided by m(-3).
12
Let r be 0 + (3 - 1/1). Let p(s) = s**2 + 1 - 5 + r - s. What is the remainder when 7 is divided by p(3)?
3
Let d = -4 + 4. Let n(g) = g**2 + g + 15. What is the remainder when 43 is divided by n(d)?
13
Suppose -5*o + 21 = -49. Calculate the remainder when ((-6)/4)/((-3)/8) is divided by (-4)/o - (-46)/14.
1
What is the remainder when 35 is divided by (-1)/((6/(-27))/2)?
8
Let h be ((-30)/(-3))/(3 + -1). Let j be (h/2)/(5/(-50)). Let v = j + 38. What is the remainder when v is divided by 7?
6
Suppose 2*r = -2*c - 2*c - 24, -5*r + 2*c = 24. Let s = 4 - r. What is the remainder when 39 is divided by s?
9
Let s(f) = f**2 - 7*f - 17. What is the remainder when s(12) is divided by 15?
13
Let j = -109 + 114. Calculate the remainder when 12 is divided by j.
2
Suppose 0 = -2*r - 0 - 24. Suppose 2*f - 5*v - 1 = 6*f, -7 = -3*f + 4*v. What is the remainder when f is divided by 4/r*-1*3?
0
Calculate the remainder when 6/(-27) - (-238)/18 is divided by 3/(-3)*(-7 + 0).
6
Let z = -22 - -31. Calculate the remainder when z is divided by 3.
0
Let i = -56 + 100. What is the remainder when i is divided by 3/(-2 - 1) - -10?
8
Suppose 2*x + 5*g - 2*g = 59, x = -4*g + 42. Suppose j + x = 3*j. What is the remainder when 31 is divided by j?
9
Suppose 4*f - 75 - 5 = 0. Let y be (-12)/8*f/(-6). Suppose -y*c + 2*c = -195. What is the remainder when c is divided by 22?
21
Suppose n - 4*n - 3*f - 21 = 0, 2*n = 3*f + 11. What is the remainder when 2 is divided by -1*(1 + 0 + n)?
0
Let m(u) = u**3 - 5*u**2 - 4*u - 7. Let c be m(6). Suppose 45 = 7*j - 2*j - 4*i, -c = j + 2*i. Calculate the remainder when 14 is divided by j.
4
Let s = 129 - 109. Calculate the remainder when 35 is divided by s.
15
Suppose -3*g = -6*g - 2*h + 100, 2*g + 3*h - 70 = 0. Calculate the remainder when 126 is divided by g.
30
Suppose -4*b + 67 + 2 = -3*l, -5*l + 88 = 3*b. What is the remainder when b is divided by 12?
9
Let p = 12 - 8. Suppose 2*f - p = 10. Calculate the remainder when 19 is divided by f.
5
Let c(t) = -3*t - 19. Calculate the remainder when 12 is divided by c(-8).
2
Let h = -2 - -2. Suppose 0*y + a + 35 = y, h = -4*y - 4*a + 108. Let q = 3 - -13. What is the remainder when y is divided by q?
15
Let k = -12 + 30. What is the remainder when 33 is divided by k?
15
What is the remainder when (46/(-4))/(2/(-4)) is divided by 12?
11
Suppose 9 = 5*d + 4*z, -2*z = -d + 3*z - 4. What is the remainder when 1 is divided by d?
0
Suppose 0*y + 2*y = 4. Let f(d) = d**3 + 3*d**2 - 3*d + 3. Calculate the remainder when f(y) is divided by 10.
7
Let y(k) = k**2 + k - 3. What is the remainder when 31 is divided by y(-5)?
14
Let p(y) = -y**3 - 2*y**2 - 3. Calculate the remainder when p(-3) is divided by 3.
0
Let l(y) = y**2 - 7*y + 10. Let v be 2/(-6) + (-30)/(-9). Suppose 0 = -v*i + 2*i + 14. What is the remainder when l(10) is divided by i?
12
Suppose -g + 3*f = -54, 4*g + 0*g = f + 172. Suppose 4*p - 4 = 4, 0 = 2*x + 2*p + 16. What is the remainder when g is divided by (132/(-15))/(4/x)?
20
Suppose -i + 6*i = 15. Suppose 2*q - 16 = h - i*h, -35 = -4*h - 3*q. Calculate the remainder when 1/2 + (-122)/(-4) is divided by h.
9
Suppose 28 = 4*a - 4*w, -2*a + 4*a = 5*w + 11. Calculate the remainder when 14 is divided by a.
6
Suppose -4*w + 8 = -0. Suppose 4*m = -j - 4, j - 5*m = -0*j + 14. Calculate the remainder when j is divided by w.
0
Let a(c) = -c + 50. What is the remainder when a(0) is divided by 17?
16
Let w be -218*(-3)/(-12)*-2. Suppose w = 3*b + 2*f + 5, -43 = -b + f. Let h(j) = j**2 + 5*j + 7. Calculate the remainder when b is divided by h(-6).
12
Let k = -30 - 1. Let v = -18 - k. Calculate the remainder when (-7*1)/(1/(-7)) is divided by v.
10
Suppose -5*x - 5*v = -5, 5*v + 11 = -4. Suppose x*t = 4*i + 44, -2*i - 3*i = 3*t - 33. What is the remainder when t is divided by 6?
5
Let d(c) = c**2 + 5*c - 3. Calculate the remainder when d(3) is divided by 12.
9
Suppose -g = -3*g + 6. Suppose 2*y = -b + 37, 2*y - 99 = -g*b - 0*y. Let o = b - 14. Calculate the remainder when o is divided by 9.
8
Let f = -36 + 47. Calculate the remainder when 29 is divided by f.
7
Suppose z + 45 = 2*p + 134, 5*z - p - 463 = 0. What is the remainder when z is divided by 16?
13
Calculate the remainder when (15/(-12))/(1/(-20)) is divided by 9.
7
Let u = 4 - -1. Suppose -2*b + u*j = 3*b - 55, b - 15 = 2*j. What is the remainder when 20 is divided by b?
6
Let x(s) = -3*s**3 - 11*s**2 + s. What is the remainder when 1/(2/90) + 1 is divided by x(-4)?
10
Let j = 9 + -4. Suppose -4*q + 4 = -4*b, -q - 3*q = 5*b + j. Let d = 3 - q. What is the remainder when 7 is divided by d?
1
Calculate the remainder when 69 is divided by 4/(-18) + (-328)/(-18).
15
Suppose 0 = 4*l + 20, 0*l = -3*k + 5*l + 49. Calculate the remainder when 18 is divided by k.
2
Calculate the remainder when 129 is divided by (8/24)/(2/198).
30
Let h(x) = x**2 + 6*x + 9. Let v = 1 - -1. Suppose -l - 5 = -v*l. What is the remainder when h(-6) is divided by l?
4
Let y = 7 + -8. Let i(o) = -73*o**3 - o - 1. Suppose -4*u + 5*l + 120 = 0, -5*l + 30 = -u + 3*u. What is the remainder when i(y) is divided by u?
23
Let o(l) = -37*l**3 + 4*l + 4. Let q = -3 - -3. Suppose q = -5*g - 7 + 72. Calculate the remainder when o(-1) is divided by g.
11
Let n(u) = 10*u**2 - u + 11. What is the remainder when n(-4) is divided by 22?
21
Let k = 84 - 314. Let m = 20 + k. What is the remainder when 16/(-10)*m/12 is divided by 15?
13
Let f(x) = -x. Let y = 3 + -2. Suppose -2*z = -5*b + 71, b - 4*z + 8*z - y = 0. Calculate the remainder when b is divided by f(-5).
3
Let f = 57 + 12. Calculate the remainder when f is divided by 24.
21
Let i = -16 + 24. What is the remainder when 17 is divided by i?
1
Let z = -19 - -52. Suppose -2*m = -s + 4, 2*s - m + 52 = 6*s. Calculate the remainder when z is divided by s.
9
What is the remainder when 138/4*4/3 is divided by 12?
10
Let p be (10/8)/(2/8). Let r = 100 + 28. Suppose -h = -p*h + r. What is the remainder when h is divided by 11?
10
Let b = -68 - -112. Let v(r) = r**2 + r - 5. Calculate the remainder when b is divided by v(-5).
14
Suppose 0 = -5*k - 4*p + 115, -p - 5 = -0*p. What is the remainder when k is divided by 10?
7
Suppose 18 = l + 4. What is the remainder when 53 is divided by l?
11
Suppose -6*r = 2*r - 208. What is the remainder when r is divided by (-3 + (-31)/(-7))*7?
6
Suppose 5*z + 5*k - 2 = 323, 4*z - 256 = -5*k. Calculate the remainder when z is divided by 24.
21
Let k(v) = 2*v**2 + 10*v + 8. Let y be k(-6). Let t = -32 + y. Let j = t - -37. Calculate the remainder when j is divided by 9.
7
Suppose 6*v = 5*v. Suppose 4*b + 16 = -4*u, -2*u + 1 = -0*u - b. Let z = v - u. What is the remainder when z is divided by 1?
0
Suppose s + 3*j - 4*j = 17, -28 = -2*s - j. Let r = -9 - -15. What is the remainder when r is divided by ((-4)/5)/((-3)/s)?
2
Let p(s) = -3*s - 1. Suppose 3*w - 15 + 2 = 4*k, 2*w - k - 2 = 0. What is the remainder when p(-4) is divided by (2*(-7 - w))/(-2)?
5
Suppose -18 + 0 = 3*z. Let k(h) = h**2 + 4*h + 1. Calculate the remainder 